JezK
Edit File: postofday.com
43.166.226.186 - - [07/Sep/2026:09:00:38 +0545] "GET / HTTP/1.1" 301 795 "-" "Mozilla/5.0 (iPhone; CPU iPhone OS 13_2_3 like Mac OS X) AppleWebKit/605.1.15 (KHTML, like Gecko) Version/13.0.3 Mobile/15E148 Safari/604.1"
66.249.74.228 - - [07/Sep/2026:09:07:37 +0545] "GET /robots.txt HTTP/1.1" 301 795 "-" "Mozilla/5.0 (compatible; Googlebot/2.1; +http://www.google.com/bot.html)"
66.249.74.226 - - [07/Sep/2026:09:07:38 +0545] "GET /ads.txt HTTP/1.1" 301 795 "-" "Google-adstxt"
183.134.40.84 - - [07/Sep/2026:10:16:39 +0545] "GET / HTTP/1.1" 301 795 "-" "Mozilla/5.0 (Macintosh; Intel Mac OS X 10_5_8) AppleWebKit/534.31 (KHTML, like Gecko) Chrome/13.0.748.0 Safari/534.31"
43.173.176.148 - - [07/Sep/2026:10:20:18 +0545] "GET / HTTP/1.1" 301 795 "-" "Mozilla/5.0 (Windows NT 10.0; Win64; x64) AppleWebKit/537.36 (KHTML, like Gecko) Chrome/110.0.0.0 Safari/537.36"
183.134.40.84 - - [07/Sep/2026:10:16:01 +0545] "GET /favicon.ico HTTP/1.1" 301 795 "-" "Dalvik/2.1.0 (Linux; U; Android 9.0; ZTE BA520 Build/MRA58K)"
183.134.40.84 - - [07/Sep/2026:10:16:41 +0545] "GET / HTTP/1.1" 301 795 "-" "Mozilla/5.0 (X11; U; Linux i686; en-US; rv:1.7.2) Gecko/20040906"
183.134.40.84 - - [07/Sep/2026:10:20:09 +0545] "GET / HTTP/1.1" 301 795 "-" "Dalvik/2.1.0 (Linux; U; Android 9.0; ZTE BA520 Build/MRA58K)"
121.29.51.109 - - [07/Sep/2026:10:11:43 +0545] "GET / HTTP/1.1" 301 795 "-" "Dalvik/2.1.0 (Linux; U; Android 9.0; ZTE BA520 Build/MRA58K)"
121.29.51.109 - - [07/Sep/2026:10:16:40 +0545] "GET / HTTP/1.1" 301 795 "-" "Mozilla/5.0 (Macintosh; Intel Mac OS X 10_11) AppleWebKit/601.1.27 (KHTML, like Gecko) Chrome/47.0.2526.106 Safari/601.1.27"
18.214.43.70 - - [07/Sep/2026:10:57:15 +0545] "GET /robots.txt HTTP/1.1" 301 795 "-" "IAS Crawler (ias_crawler; http://integralads.com/site-indexing-policy/)"
150.40.237.23 - - [07/Sep/2026:10:51:41 +0545] "GET /ip HTTP/1.1" 301 795 "-" "Mozilla/5.0 (Macintosh; Intel Mac OS X 10_15_7) AppleWebKit/537.36 (KHTML, like Gecko) Chrome/114.0.0.0 Safari/537.36"
149.232.137.209 - - [07/Sep/2026:10:51:42 +0545] "GET /ip HTTP/1.1" 301 795 "-" "Mozilla/5.0 (Macintosh; Intel Mac OS X 10_15_7) AppleWebKit/537.36 (KHTML, like Gecko) Chrome/114.0.0.0 Safari/537.36"
124.243.174.179 - - [07/Sep/2026:10:51:41 +0545] "GET /ip HTTP/1.1" 301 795 "-" "Mozilla/5.0 (Macintosh; Intel Mac OS X 10_15_7) AppleWebKit/537.36 (KHTML, like Gecko) Chrome/114.0.0.0 Safari/537.36"
167.235.254.214 - - [07/Sep/2026:11:00:12 +0545] "POST /wp-load.php?934c6e=62143 HTTP/1.1" 301 795 "http://postofday.com/" "Mozilla/5.0 (Windows NT 10.0; Win64; x64) AppleWebKit/537.36 (KHTML, like Gecko) Chrome/138.0.0.0 Safari/537.36"
188.245.48.218 - - [07/Sep/2026:11:00:14 +0545] "POST /index.php?6ba180=28311 HTTP/1.1" 301 795 "http://postofday.com/" "Mozilla/5.0 (Windows NT 10.0; Win64; x64) AppleWebKit/537.36 (KHTML, like Gecko) Chrome/138.0.0.0 Safari/537.36"
188.245.48.218 - - [07/Sep/2026:11:00:14 +0545] "POST /?cf7897=6379 HTTP/1.1" 301 795 "http://postofday.com/" "Mozilla/5.0 (Windows NT 10.0; Win64; x64) AppleWebKit/537.36 (KHTML, like Gecko) Chrome/138.0.0.0 Safari/537.36"
85.208.98.57 - - [07/Sep/2026:11:08:28 +0545] "GET /robots.txt HTTP/1.1" 301 795 "-" "Mozilla/5.0 (compatible; SemrushBot-BA; +http://www.semrush.com/bot.html)"
185.19.40.76 - - [07/Sep/2026:11:55:41 +0545] "GET /000.php HTTP/1.1" 301 795 "-" "Go-http-client/1.1"
185.19.40.76 - - [07/Sep/2026:11:56:11 +0545] "GET /wp-content/style.php HTTP/1.1" 301 795 "-" "Go-http-client/1.1"
185.19.40.76 - - [07/Sep/2026:11:56:12 +0545] "GET /wp-editor.php HTTP/1.1" 301 795 "-" "Go-http-client/1.1"
185.19.40.76 - - [07/Sep/2026:11:56:13 +0545] "GET /lufix.php HTTP/1.1" 301 795 "-" "Go-http-client/1.1"
85.208.98.57 - - [07/Sep/2026:11:50:47 +0545] "GET /robots.txt HTTP/1.1" 301 795 "-" "Mozilla/5.0 (compatible; SemrushBot-BA; +http://www.semrush.com/bot.html)"
85.208.98.57 - - [07/Sep/2026:11:50:52 +0545] "GET /robots.txt HTTP/1.1" 301 795 "-" "Mozilla/5.0 (compatible; SemrushBot-BA; +http://www.semrush.com/bot.html)"
185.19.40.76 - - [07/Sep/2026:11:55:43 +0545] "GET /wp-content/about.php HTTP/1.1" 301 795 "-" "Go-http-client/1.1"
185.19.40.76 - - [07/Sep/2026:11:56:09 +0545] "GET /style.php HTTP/1.1" 301 795 "-" "Go-http-client/1.1"
185.19.40.76 - - [07/Sep/2026:11:55:51 +0545] "GET /wp-content/goods.php HTTP/1.1" 301 795 "-" "Go-http-client/1.1"
185.19.40.76 - - [07/Sep/2026:11:55:52 +0545] "GET /blurbs.php HTTP/1.1" 301 795 "-" "Go-http-client/1.1"
185.19.40.76 - - [07/Sep/2026:11:55:53 +0545] "GET /wp-admin/css/goods.php HTTP/1.1" 301 795 "-" "Go-http-client/1.1"
185.19.40.76 - - [07/Sep/2026:11:55:54 +0545] "GET /abcd.php HTTP/1.1" 301 795 "-" "Go-http-client/1.1"
185.19.40.76 - - [07/Sep/2026:11:55:56 +0545] "GET /wp-admin/css/colors/wp-login.php HTTP/1.1" 301 795 "-" "Go-http-client/1.1"
185.19.40.76 - - [07/Sep/2026:11:55:57 +0545] "GET /dex.php HTTP/1.1" 301 795 "-" "Go-http-client/1.1"
185.19.40.76 - - [07/Sep/2026:11:55:58 +0545] "GET /wp-admin/admin-ajax.php HTTP/1.1" 301 795 "-" "Go-http-client/1.1"
185.19.40.76 - - [07/Sep/2026:11:55:59 +0545] "GET /wp-admin/css/index.php HTTP/1.1" 301 795 "-" "Go-http-client/1.1"
185.19.40.76 - - [07/Sep/2026:11:56:00 +0545] "GET /wp-admin/index.php HTTP/1.1" 301 795 "-" "Go-http-client/1.1"
185.19.40.76 - - [07/Sep/2026:11:56:01 +0545] "GET /wp-content/plugins/index.php HTTP/1.1" 301 795 "-" "Go-http-client/1.1"
185.19.40.76 - - [07/Sep/2026:11:56:02 +0545] "GET /wp-content/index.php HTTP/1.1" 301 795 "-" "Go-http-client/1.1"
185.19.40.76 - - [07/Sep/2026:11:56:02 +0545] "GET /wp-content/plugins/fix/000.php HTTP/1.1" 301 795 "-" "Go-http-client/1.1"
185.19.40.76 - - [07/Sep/2026:11:55:45 +0545] "GET /wp-admin/css/admin.php HTTP/1.1" 301 795 "-" "Go-http-client/1.1"
185.19.40.76 - - [07/Sep/2026:11:56:03 +0545] "GET /file.php HTTP/1.1" 301 795 "-" "Go-http-client/1.1"
185.19.40.76 - - [07/Sep/2026:11:56:05 +0545] "GET //wp-content/plugins/fix/up.php HTTP/1.1" 301 795 "-" "Go-http-client/1.1"
185.19.40.76 - - [07/Sep/2026:11:56:06 +0545] "GET /wp-mail.php HTTP/1.1" 301 795 "-" "Go-http-client/1.1"
185.19.40.76 - - [07/Sep/2026:11:56:06 +0545] "GET /ioxi-o.php HTTP/1.1" 301 795 "-" "Go-http-client/1.1"
185.19.40.76 - - [07/Sep/2026:11:56:08 +0545] "GET /wp-content/ioxi-o.php HTTP/1.1" 301 795 "-" "Go-http-client/1.1"
185.19.40.76 - - [07/Sep/2026:11:56:15 +0545] "GET /txets.php HTTP/1.1" 301 795 "-" "Go-http-client/1.1"
185.19.40.76 - - [07/Sep/2026:11:56:16 +0545] "GET /wp-content/themes/txets.php HTTP/1.1" 301 795 "-" "Go-http-client/1.1"
185.19.40.76 - - [07/Sep/2026:11:56:17 +0545] "GET /wp-admin/txets.php HTTP/1.1" 301 795 "-" "Go-http-client/1.1"
185.19.40.76 - - [07/Sep/2026:11:56:18 +0545] "GET /wp-includes/txets.php HTTP/1.1" 301 795 "-" "Go-http-client/1.1"
185.19.40.76 - - [07/Sep/2026:11:56:19 +0545] "GET /goods.php HTTP/1.1" 301 795 "-" "Go-http-client/1.1"
185.19.40.76 - - [07/Sep/2026:11:56:21 +0545] "GET /php8.php HTTP/1.1" 301 795 "-" "Go-http-client/1.1"
185.19.40.76 - - [07/Sep/2026:11:55:46 +0545] "GET //wp-admin/css/about.php HTTP/1.1" 301 795 "-" "Go-http-client/1.1"
185.19.40.76 - - [07/Sep/2026:11:55:47 +0545] "GET /wp-content/wp-setting.php HTTP/1.1" 301 795 "-" "Go-http-client/1.1"
185.19.40.76 - - [07/Sep/2026:11:55:48 +0545] "GET /wp-includes/hp2.php HTTP/1.1" 301 795 "-" "Go-http-client/1.1"
185.19.40.76 - - [07/Sep/2026:11:55:49 +0545] "GET /bless.php HTTP/1.1" 301 795 "-" "Go-http-client/1.1"
85.208.98.55 - - [07/Sep/2026:12:15:47 +0545] "GET /robots.txt HTTP/1.1" 301 795 "-" "Mozilla/5.0 (compatible; SemrushBot-BA; +http://www.semrush.com/bot.html)"
43.166.136.202 - - [07/Sep/2026:12:09:21 +0545] "GET / HTTP/1.1" 301 795 "-" "Mozilla/5.0 (iPhone; CPU iPhone OS 13_2_3 like Mac OS X) AppleWebKit/605.1.15 (KHTML, like Gecko) Version/13.0.3 Mobile/15E148 Safari/604.1"
101.32.51.96 - - [07/Sep/2026:12:34:29 +0545] "GET / HTTP/1.1" 301 795 "-" "Go-http-client/1.1"
129.226.129.71 - - [07/Sep/2026:12:49:48 +0545] "GET /ip HTTP/1.1" 301 795 "-" "Mozilla/5.0 (Macintosh; Intel Mac OS X 10_15_7) AppleWebKit/537.36 (KHTML, like Gecko) Chrome/114.0.0.0 Safari/537.36"
43.134.20.191 - - [07/Sep/2026:12:49:48 +0545] "GET /ip HTTP/1.1" 301 795 "-" "Mozilla/5.0 (Macintosh; Intel Mac OS X 10_15_7) AppleWebKit/537.36 (KHTML, like Gecko) Chrome/114.0.0.0 Safari/537.36"
43.153.56.206 - - [07/Sep/2026:12:49:48 +0545] "GET /ip HTTP/1.1" 301 795 "-" "Mozilla/5.0 (Macintosh; Intel Mac OS X 10_15_7) AppleWebKit/537.36 (KHTML, like Gecko) Chrome/114.0.0.0 Safari/537.36"
43.166.7.113 - - [07/Sep/2026:12:56:09 +0545] "GET / HTTP/1.1" 301 795 "-" "Mozilla/5.0 (iPhone; CPU iPhone OS 13_2_3 like Mac OS X) AppleWebKit/605.1.15 (KHTML, like Gecko) Version/13.0.3 Mobile/15E148 Safari/604.1"
66.249.74.227 - - [07/Sep/2026:13:07:39 +0545] "GET /robots.txt HTTP/1.1" 301 795 "-" "Mozilla/5.0 (compatible; Googlebot/2.1; +http://www.google.com/bot.html)"
66.249.74.228 - - [07/Sep/2026:13:07:39 +0545] "GET /ads.txt HTTP/1.1" 301 795 "-" "Google-adstxt"
85.17.47.68 - - [07/Sep/2026:13:20:15 +0545] "GET /ads.txt HTTP/1.1" 301 795 "-" "Centro Ads.txt Crawler/1.0"
5.183.252.79 - - [07/Sep/2026:13:33:06 +0545] "GET / HTTP/1.1" 301 795 "-" "MyNutchCrawler/Mozilla/5.0 (Windows NT 10.0; Win64; x64) AppleWebKit/537.36 (KHTML, like Gecko) Chrome/139.0.0.0 Safari/537.36"
216.244.66.234 - - [07/Sep/2026:13:37:12 +0545] "GET /robots.txt HTTP/1.1" 301 795 "-" "Mozilla/5.0 (compatible; DotBot/1.2; +https://opensiteexplorer.org/dotbot; help@moz.com)"
106.52.49.148 - - [07/Sep/2026:13:53:23 +0545] "GET / HTTP/1.1" 301 795 "-" "Mozilla/5.0 (iPhone; CPU iPhone OS 13_2_3 like Mac OS X) AppleWebKit/605.1.15 (KHTML, like Gecko) Version/13.0.3 Mobile/15E148 Safari/604.1"
216.244.66.234 - - [07/Sep/2026:14:55:49 +0545] "GET /robots.txt HTTP/1.1" 301 795 "-" "Mozilla/5.0 (compatible; DotBot/1.2; +https://opensiteexplorer.org/dotbot; help@moz.com)"
80.78.160.37 - - [07/Sep/2026:15:18:35 +0545] "GET / HTTP/1.1" 301 795 "-" "Mozilla/5.0 (Windows NT 10.0; Win64; x64; rv:82.0) Gecko/20100101 Firefox/82.0"
36.150.60.24 - - [07/Sep/2026:15:54:34 +0545] "GET / HTTP/1.1" 301 795 "-" "Mozilla/5.0 (X11; U; Linux i686; es-AR; rv:1.9.0.9) Gecko/2009042113 Ubuntu/9.04 (jaunty) Firefox/3.0.9"
36.150.60.24 - - [07/Sep/2026:16:01:04 +0545] "GET /favicon.ico HTTP/1.1" 301 795 "-" "Dalvik/2.1.0 (Linux; U; Android 9.0; ZTE BA520 Build/MRA58K)"
36.150.60.24 - - [07/Sep/2026:15:56:50 +0545] "GET / HTTP/1.1" 301 795 "-" "Mozilla/5.0 (Macintosh; Intel Mac OS X 10_11) AppleWebKit/601.1.27 (KHTML, like Gecko) Chrome/47.0.2526.106 Safari/601.1.27"
198.11.177.243 - - [07/Sep/2026:16:07:27 +0545] "GET / HTTP/1.1" 301 795 "-" "Mozilla/5.0 (iPhone; CPU iPhone OS 13_2_3 like Mac OS X) AppleWebKit/605.1.15 (KHTML, like Gecko) Version/13.0.3 Mobile/15E148 Safari/604.1"
64.89.161.90 - - [07/Sep/2026:16:14:05 +0545] "GET /assets/ajax_fullcalendar.php HTTP/1.1" 301 795 "-" "ALittle Client"
66.249.64.196 - - [07/Sep/2026:16:23:18 +0545] "GET / HTTP/1.1" 301 795 "-" "Mozilla/5.0 (compatible; Googlebot/2.1; +http://www.google.com/bot.html)"
66.249.64.193 - - [07/Sep/2026:16:23:16 +0545] "GET /robots.txt HTTP/1.1" 301 795 "-" "Mozilla/5.0 (compatible; Googlebot/2.1; +http://www.google.com/bot.html)"
66.249.64.192 - - [07/Sep/2026:16:23:19 +0545] "GET / HTTP/1.1" 301 795 "-" "Mozilla/5.0 (Linux; Android 6.0.1; Nexus 5X Build/MMB29P) AppleWebKit/537.36 (KHTML, like Gecko) Chrome/99.0.4844.84 Mobile Safari/537.36 (compatible; Googlebot/2.1; +http://www.google.com/bot.html)"
43.172.196.29 - - [07/Sep/2026:16:27:30 +0545] "GET / HTTP/1.1" 301 795 "-" "Mozilla/5.0 (Windows NT 10.0; Win64; x64) AppleWebKit/537.36 (KHTML, like Gecko) Chrome/120.0.0.0 Safari/537.36"
64.89.161.160 - - [07/Sep/2026:16:37:31 +0545] "GET /public/assets/ajax_fullcalendar.php HTTP/1.1" 301 795 "-" "ALittle Client"
107.23.198.238 - - [07/Sep/2026:16:54:15 +0545] "GET /robots.txt HTTP/1.1" 301 795 "-" "Mozilla/5.0 AppleWebKit (KHTML, like Gecko) Chrome Safari"
43.157.52.37 - - [07/Sep/2026:16:54:38 +0545] "GET / HTTP/1.1" 301 795 "-" "Mozilla/5.0 (iPhone; CPU iPhone OS 13_2_3 like Mac OS X) AppleWebKit/605.1.15 (KHTML, like Gecko) Version/13.0.3 Mobile/15E148 Safari/604.1"
34.12.157.113 - - [07/Sep/2026:16:55:44 +0545] "GET / HTTP/1.1" 301 795 "-" "Mozilla/5.0 (X11; Linux x86_64) AppleWebKit/537.36 (KHTML, like Gecko) Chrome/112.0.0.0 Safari/537.36"
85.208.98.55 - - [07/Sep/2026:16:46:46 +0545] "GET /robots.txt HTTP/1.1" 301 795 "-" "Mozilla/5.0 (compatible; SemrushBot-BA; +http://www.semrush.com/bot.html)"
205.169.39.218 - - [07/Sep/2026:16:53:33 +0545] "GET / HTTP/1.1" 301 795 "-" "Mozilla/5.0 (Windows NT 10.0; Win64; x64) AppleWebKit/537.36 (KHTML, like Gecko) Chrome/79.0.3945.79 Safari/537.36"
216.152.140.60 - - [07/Sep/2026:16:53:40 +0545] "GET /ads.txt HTTP/1.1" 301 795 "-" "Centro Ads.txt Crawler/1.0"
85.208.98.55 - - [07/Sep/2026:16:50:01 +0545] "GET /robots.txt HTTP/1.1" 301 795 "-" "Mozilla/5.0 (compatible; SemrushBot-BA; +http://www.semrush.com/bot.html)"
216.152.140.59 - - [07/Sep/2026:16:53:37 +0545] "GET /ads.txt HTTP/1.1" 301 795 "-" "Centro Ads.txt Crawler/1.0"
205.169.39.218 - - [07/Sep/2026:16:53:06 +0545] "GET / HTTP/1.1" 301 795 "-" "Mozilla/5.0 (Windows NT 6.1; Win64; x64) AppleWebKit/537.36 (KHTML, like Gecko) Chrome/83.0.4103.61 Safari/537.36"
209.25.232.227 - - [07/Sep/2026:16:53:37 +0545] "GET /ads.txt HTTP/1.1" 301 795 "-" "Centro Ads.txt Crawler/1.0"
85.208.98.55 - - [07/Sep/2026:17:22:21 +0545] "GET /robots.txt HTTP/1.1" 301 795 "-" "Mozilla/5.0 (compatible; SemrushBot-BA; +http://www.semrush.com/bot.html)"
185.19.40.108 - - [07/Sep/2026:17:25:29 +0545] "GET /admin/controller/extension/extension/ HTTP/1.1" 301 795 "binance.com" "Mozilla/5.0 (Windows NT 10.0; Win64; x64) AppleWebKit/537.36 (KHTML, like Gecko) Chrome/90.0.4430.85 Safari/537.36"
185.19.40.108 - - [07/Sep/2026:17:25:17 +0545] "GET /.well-known/ HTTP/1.1" 301 795 "binance.com" "Mozilla/5.0 (Windows NT 10.0; Win64; x64) AppleWebKit/537.36 (KHTML, like Gecko) Chrome/90.0.4430.85 Safari/537.36"
185.19.40.108 - - [07/Sep/2026:17:25:54 +0545] "GET /files/ HTTP/1.1" 301 795 "binance.com" "Mozilla/5.0 (Windows NT 10.0; Win64; x64) AppleWebKit/537.36 (KHTML, like Gecko) Chrome/90.0.4430.85 Safari/537.36"
185.19.40.108 - - [07/Sep/2026:17:25:08 +0545] "GET /wp-admin/css/ HTTP/1.1" 301 795 "binance.com" "Mozilla/5.0 (Windows NT 10.0; Win64; x64) AppleWebKit/537.36 (KHTML, like Gecko) Chrome/90.0.4430.85 Safari/537.36"
185.19.40.108 - - [07/Sep/2026:17:25:37 +0545] "GET /uploads/ HTTP/1.1" 301 795 "binance.com" "Mozilla/5.0 (Windows NT 10.0; Win64; x64) AppleWebKit/537.36 (KHTML, like Gecko) Chrome/90.0.4430.85 Safari/537.36"
85.208.98.55 - - [07/Sep/2026:17:13:22 +0545] "GET /robots.txt HTTP/1.1" 301 795 "-" "Mozilla/5.0 (compatible; SemrushBot-BA; +http://www.semrush.com/bot.html)"
85.208.98.55 - - [07/Sep/2026:17:15:51 +0545] "GET /robots.txt HTTP/1.1" 301 795 "-" "Mozilla/5.0 (compatible; SemrushBot-BA; +http://www.semrush.com/bot.html)"
85.208.98.55 - - [07/Sep/2026:17:15:56 +0545] "GET /robots.txt HTTP/1.1" 301 795 "-" "Mozilla/5.0 (compatible; SemrushBot-BA; +http://www.semrush.com/bot.html)"
185.19.40.108 - - [07/Sep/2026:17:25:45 +0545] "GET /images/ HTTP/1.1" 301 795 "binance.com" "Mozilla/5.0 (Windows NT 10.0; Win64; x64) AppleWebKit/537.36 (KHTML, like Gecko) Chrome/90.0.4430.85 Safari/537.36"
66.249.74.227 - - [07/Sep/2026:17:07:41 +0545] "GET /robots.txt HTTP/1.1" 301 795 "-" "Mozilla/5.0 (compatible; Googlebot/2.1; +http://www.google.com/bot.html)"
66.249.74.226 - - [07/Sep/2026:17:07:41 +0545] "GET /ads.txt HTTP/1.1" 301 795 "-" "Google-adstxt"
185.19.40.108 - - [07/Sep/2026:17:25:23 +0545] "GET /sites/default/files/ HTTP/1.1" 301 795 "binance.com" "Mozilla/5.0 (Windows NT 10.0; Win64; x64) AppleWebKit/537.36 (KHTML, like Gecko) Chrome/90.0.4430.85 Safari/537.36"
142.111.152.16 - - [07/Sep/2026:17:46:51 +0545] "GET /wp-login.php HTTP/1.1" 301 795 "-" "Mozilla/5.0"
120.241.135.198 - - [07/Sep/2026:18:14:15 +0545] "GET /images/favicon.ico HTTP/1.1" 301 795 "-" "Go-http-client/1.1"
120.241.135.198 - - [07/Sep/2026:18:14:14 +0545] "GET /favicon.png HTTP/1.1" 301 795 "-" "Go-http-client/1.1"
114.119.138.205 - - [07/Sep/2026:18:19:14 +0545] "GET /robots.txt HTTP/1.1" 301 795 "http://www.postofday.com/robots.txt" "Mozilla/5.0 (compatible;PetalBot;+https://webmaster.petalsearch.com/site/petalbot)"
120.241.135.198 - - [07/Sep/2026:18:14:14 +0545] "GET /favicon.ico HTTP/1.1" 301 795 "-" "Go-http-client/1.1"
120.241.135.198 - - [07/Sep/2026:18:14:14 +0545] "GET /icon/favicon.ico HTTP/1.1" 301 795 "-" "Go-http-client/1.1"
120.241.135.198 - - [07/Sep/2026:18:14:02 +0545] "GET / HTTP/1.1" 301 795 "-" "Mozilla/5.0 (Macintosh; Intel Mac OS X 13_5) AppleWebKit/605.1.15 (KHTML, like Gecko) Version/16.5 Safari/605.1.15"
120.241.135.198 - - [07/Sep/2026:18:14:14 +0545] "GET /static/favicon.ico HTTP/1.1" 301 795 "-" "Go-http-client/1.1"
120.241.135.198 - - [07/Sep/2026:18:14:14 +0545] "GET /assets/favicon.ico HTTP/1.1" 301 795 "-" "Go-http-client/1.1"
120.241.135.198 - - [07/Sep/2026:18:14:15 +0545] "GET /img/favicon.ico HTTP/1.1" 301 795 "-" "Go-http-client/1.1"
66.249.74.227 - - [07/Sep/2026:19:07:09 +0545] "GET /ads.txt HTTP/1.1" 301 795 "-" "Mozilla/5.0 (compatible; Googlebot/2.1; +http://www.google.com/bot.html)"
175.178.110.121 - - [07/Sep/2026:19:10:23 +0545] "GET / HTTP/1.1" 301 795 "-" "Mozilla/5.0 (iPhone; CPU iPhone OS 13_2_3 like Mac OS X) AppleWebKit/605.1.15 (KHTML, like Gecko) Version/13.0.3 Mobile/15E148 Safari/604.1"
185.220.100.252 - - [07/Sep/2026:18:52:09 +0545] "GET / HTTP/1.1" 301 795 "postofday.com" "Mozilla/5.0 (Windows NT 10.0; Win64; x64) AppleWebKit/537.36 (KHTML, like Gecko) Chrome/125.0.0.0 Safari/537.36"
66.249.74.228 - - [07/Sep/2026:19:07:08 +0545] "GET /robots.txt HTTP/1.1" 301 795 "-" "Mozilla/5.0 (compatible; Googlebot/2.1; +http://www.google.com/bot.html)"
120.241.135.198 - - [07/Sep/2026:19:47:18 +0545] "GET /favicon.png HTTP/1.1" 301 795 "-" "Go-http-client/1.1"
120.241.135.198 - - [07/Sep/2026:19:47:18 +0545] "GET /favicon.ico HTTP/1.1" 301 795 "-" "Go-http-client/1.1"
120.241.135.198 - - [07/Sep/2026:19:47:02 +0545] "GET / HTTP/1.1" 301 795 "-" "Mozilla/5.0 (Windows NT 6.1; Win64; x64; rv:109.0) Gecko/20100101 Firefox/118.0"
120.241.135.198 - - [07/Sep/2026:19:47:18 +0545] "GET /img/favicon.ico HTTP/1.1" 301 795 "-" "Go-http-client/1.1"
120.241.135.198 - - [07/Sep/2026:19:47:18 +0545] "GET /icon/favicon.ico HTTP/1.1" 301 795 "-" "Go-http-client/1.1"
120.241.135.198 - - [07/Sep/2026:19:47:18 +0545] "GET /static/favicon.ico HTTP/1.1" 301 795 "-" "Go-http-client/1.1"
120.241.135.198 - - [07/Sep/2026:19:47:18 +0545] "GET /assets/favicon.ico HTTP/1.1" 301 795 "-" "Go-http-client/1.1"
209.25.232.214 - - [07/Sep/2026:19:42:24 +0545] "GET /ads.txt HTTP/1.1" 301 795 "-" "Centro Ads.txt Crawler/1.0"
120.241.135.198 - - [07/Sep/2026:19:47:18 +0545] "GET /images/favicon.ico HTTP/1.1" 301 795 "-" "Go-http-client/1.1"
170.106.165.76 - - [07/Sep/2026:19:53:26 +0545] "GET / HTTP/1.1" 301 795 "-" "Mozilla/5.0 (iPhone; CPU iPhone OS 13_2_3 like Mac OS X) AppleWebKit/605.1.15 (KHTML, like Gecko) Version/13.0.3 Mobile/15E148 Safari/604.1"
34.12.47.207 - - [07/Sep/2026:19:52:35 +0545] "GET /2026/07/23/the-8-most-successful-people-in-the-world-share-one-trait HTTP/1.1" 301 795 "-" "Mozilla/5.0 (Linux; x86_64 GNU/Linux) AppleWebKit/601.1 (KHTML, like Gecko) Version/8.0 Safari/601.1 WPE ComcastAppPlatform PN50-751-24U Firebolt/0.8.1"
85.208.98.55 - - [07/Sep/2026:20:04:31 +0545] "GET /robots.txt HTTP/1.1" 301 795 "-" "Mozilla/5.0 (compatible; SemrushBot-BA; +http://www.semrush.com/bot.html)"
85.208.98.55 - - [07/Sep/2026:20:04:36 +0545] "GET /robots.txt HTTP/1.1" 301 795 "-" "Mozilla/5.0 (compatible; SemrushBot-BA; +http://www.semrush.com/bot.html)"
85.208.98.55 - - [07/Sep/2026:20:20:07 +0545] "GET /robots.txt HTTP/1.1" 301 795 "-" "Mozilla/5.0 (compatible; SemrushBot-BA; +http://www.semrush.com/bot.html)"
8.217.145.188 - - [07/Sep/2026:20:00:03 +0545] "GET / HTTP/1.1" 301 795 "-" "Mozilla/5.0 (Windows NT 10.0; Win64; x64) AppleWebKit/537.36 (KHTML, like Gecko) Chrome/120.0.0.0 Safari/537.36"
85.208.98.55 - - [07/Sep/2026:20:34:41 +0545] "GET /robots.txt HTTP/1.1" 301 795 "-" "Mozilla/5.0 (compatible; SemrushBot-BA; +http://www.semrush.com/bot.html)"
85.208.98.57 - - [07/Sep/2026:20:52:53 +0545] "GET /robots.txt HTTP/1.1" 301 795 "-" "Mozilla/5.0 (compatible; SemrushBot-BA; +http://www.semrush.com/bot.html)"
43.153.54.14 - - [07/Sep/2026:20:36:06 +0545] "GET / HTTP/1.1" 301 795 "-" "Mozilla/5.0 (iPhone; CPU iPhone OS 13_2_3 like Mac OS X) AppleWebKit/605.1.15 (KHTML, like Gecko) Version/13.0.3 Mobile/15E148 Safari/604.1"
158.173.77.85 - - [07/Sep/2026:21:04:39 +0545] "GET / HTTP/1.1" 301 795 "-" "Mozilla/5.0 (Windows NT 10.0; Win64; x64) AppleWebKit/537.36 (KHTML, like Gecko) Chrome/84.0.4147.89 Safari/537.36"
66.249.74.228 - - [07/Sep/2026:21:07:43 +0545] "GET /robots.txt HTTP/1.1" 301 795 "-" "Mozilla/5.0 (compatible; Googlebot/2.1; +http://www.google.com/bot.html)"
66.249.74.226 - - [07/Sep/2026:21:07:44 +0545] "GET /ads.txt HTTP/1.1" 301 795 "-" "Google-adstxt"
85.208.98.57 - - [07/Sep/2026:21:20:15 +0545] "GET /robots.txt HTTP/1.1" 301 795 "-" "Mozilla/5.0 (compatible; SemrushBot-BA; +http://www.semrush.com/bot.html)"
120.241.135.198 - - [07/Sep/2026:21:32:34 +0545] "GET /favicon.png HTTP/1.1" 301 795 "-" "Go-http-client/1.1"
120.241.135.198 - - [07/Sep/2026:21:32:34 +0545] "GET /static/favicon.ico HTTP/1.1" 301 795 "-" "Go-http-client/1.1"
120.241.135.198 - - [07/Sep/2026:21:32:34 +0545] "GET /img/favicon.ico HTTP/1.1" 301 795 "-" "Go-http-client/1.1"
120.241.135.198 - - [07/Sep/2026:21:32:34 +0545] "GET /assets/favicon.ico HTTP/1.1" 301 795 "-" "Go-http-client/1.1"
120.241.135.198 - - [07/Sep/2026:21:32:34 +0545] "GET /favicon.ico HTTP/1.1" 301 795 "-" "Go-http-client/1.1"
120.241.135.198 - - [07/Sep/2026:21:32:23 +0545] "GET / HTTP/1.1" 301 795 "-" "Mozilla/5.0 (Windows NT 10.0; Win64; x64) AppleWebKit/537.36 (KHTML, like Gecko) Chrome/117.0.0.0 Safari/537.36 Edg/117.0.2045.60"
120.241.135.198 - - [07/Sep/2026:21:32:34 +0545] "GET /icon/favicon.ico HTTP/1.1" 301 795 "-" "Go-http-client/1.1"
120.241.135.198 - - [07/Sep/2026:21:32:34 +0545] "GET /images/favicon.ico HTTP/1.1" 301 795 "-" "Go-http-client/1.1"
85.208.98.55 - - [07/Sep/2026:21:36:07 +0545] "GET /robots.txt HTTP/1.1" 301 795 "-" "Mozilla/5.0 (compatible; SemrushBot-BA; +http://www.semrush.com/bot.html)"
85.208.98.199 - - [07/Sep/2026:21:49:22 +0545] "GET /robots.txt HTTP/1.1" 301 795 "-" "Mozilla/5.0 (iPhone; CPU iPhone OS 6_0 like Mac OS X) AppleWebKit/536.26 (KHTML, like Gecko) Version/6.0 Mobile/10A5376e Safari/8536.25 (compatible; SiteAuditBot/0.97; +http://www.semrush.com/bot.html)"
85.208.98.199 - - [07/Sep/2026:21:49:23 +0545] "GET / HTTP/1.1" 301 795 "-" "Mozilla/5.0 (iPhone; CPU iPhone OS 6_0 like Mac OS X) AppleWebKit/536.26 (KHTML, like Gecko) Version/6.0 Mobile/10A5376e Safari/8536.25 (compatible; SiteAuditBot/0.97; +http://www.semrush.com/bot.html)"
216.244.66.234 - - [07/Sep/2026:22:16:02 +0545] "GET /robots.txt HTTP/1.1" 301 795 "-" "Mozilla/5.0 (compatible; DotBot/1.2; +https://opensiteexplorer.org/dotbot; help@moz.com)"
144.76.19.70 - - [07/Sep/2026:22:42:02 +0545] "GET /robots.txt HTTP/1.1" 301 795 "-" "Mozilla/5.0 (compatible; SERankingBacklinksBot/1.0; +https://seranking.com/backlinks-crawler)"
144.76.19.70 - - [07/Sep/2026:22:42:03 +0545] "GET / HTTP/1.1" 301 795 "-" "Mozilla/5.0 (compatible; SERankingBacklinksBot/1.0; +https://seranking.com/backlinks-crawler)"
216.244.66.234 - - [07/Sep/2026:22:56:22 +0545] "GET /robots.txt HTTP/1.1" 301 795 "-" "Mozilla/5.0 (compatible; DotBot/1.2; +https://opensiteexplorer.org/dotbot; help@moz.com)"
43.173.181.72 - - [07/Sep/2026:22:57:37 +0545] "GET / HTTP/1.1" 301 795 "-" "Mozilla/5.0 (Windows NT 10.0; Win64; x64) AppleWebKit/537.36 (KHTML, like Gecko) Chrome/108.0.0.0 Safari/537.36"
64.31.31.162 - - [07/Sep/2026:23:18:27 +0545] "GET / HTTP/1.1" 301 795 "-" "Mozilla/5.0 (Windows NT 10.0; Win64; x64; rv:59.0) Gecko/20100101 Firefox/59.0"
192.42.116.114 - - [07/Sep/2026:23:51:37 +0545] "GET /wp-json/wp/v2/users/1 HTTP/1.1" 301 795 "-" "Mozilla/5.0 (Windows NT 10.0; Win64; x64; rv:116.0) Gecko/20100101 Firefox/116.0"
192.42.116.52 - - [07/Sep/2026:23:51:51 +0545] "GET /wp-json/wp/v2/users/5 HTTP/1.1" 301 795 "-" "Mozilla/5.0 (Windows NT 10.0; Win64; x64; rv:116.0) Gecko/20100101 Firefox/116.0"
45.9.168.117 - - [07/Sep/2026:23:53:28 +0545] "GET /wp-login.php HTTP/1.1" 301 795 "-" "Mozilla/5.0 (Windows NT 10.0; Win64; x64) AppleWebKit/537.36 (KHTML, like Gecko) Chrome/110.0.0.0 Safari/537.36"
45.9.168.117 - - [07/Sep/2026:23:53:46 +0545] "GET /admin-login HTTP/1.1" 301 795 "-" "Mozilla/5.0 (Windows NT 10.0; Win64; x64) AppleWebKit/537.36 (KHTML, like Gecko) Chrome/110.0.0.0 Safari/537.36"
45.9.168.117 - - [07/Sep/2026:23:54:13 +0545] "GET /admin HTTP/1.1" 301 795 "-" "Mozilla/5.0 (Windows NT 10.0; Win64; x64) AppleWebKit/537.36 (KHTML, like Gecko) Chrome/110.0.0.0 Safari/537.36"
45.9.168.117 - - [07/Sep/2026:23:54:35 +0545] "GET /wp-json/wp/v2/users/2 HTTP/1.1" 301 795 "-" "Mozilla/5.0 (Windows NT 10.0; Win64; x64) AppleWebKit/537.36 (KHTML, like Gecko) Chrome/110.0.0.0 Safari/537.36"
45.9.168.117 - - [07/Sep/2026:23:54:36 +0545] "GET /wp-json/wp/v2/users/3 HTTP/1.1" 301 795 "-" "Mozilla/5.0 (Windows NT 10.0; Win64; x64) AppleWebKit/537.36 (KHTML, like Gecko) Chrome/110.0.0.0 Safari/537.36"
45.9.168.117 - - [07/Sep/2026:23:55:18 +0545] "GET /?author=8 HTTP/1.1" 301 795 "-" "Mozilla/5.0 (Windows NT 10.0; Win64; x64) AppleWebKit/537.36 (KHTML, like Gecko) Chrome/110.0.0.0 Safari/537.36"
45.9.168.117 - - [07/Sep/2026:23:55:25 +0545] "GET /?author=10 HTTP/1.1" 301 795 "-" "Mozilla/5.0 (Windows NT 10.0; Win64; x64) AppleWebKit/537.36 (KHTML, like Gecko) Chrome/110.0.0.0 Safari/537.36"
45.9.168.117 - - [07/Sep/2026:23:55:28 +0545] "GET /?author=13 HTTP/1.1" 301 795 "-" "Mozilla/5.0 (Windows NT 10.0; Win64; x64) AppleWebKit/537.36 (KHTML, like Gecko) Chrome/110.0.0.0 Safari/537.36"
120.241.135.198 - - [07/Sep/2026:23:12:31 +0545] "GET /img/favicon.ico HTTP/1.1" 301 795 "-" "Go-http-client/1.1"
106.55.255.207 - - [07/Sep/2026:23:14:34 +0545] "GET / HTTP/1.1" 301 795 "-" "Mozilla/5.0 (Windows NT 6.1; Win64; x64; rv:109.0) Gecko/20100101 Firefox/118.0"
120.233.33.208 - - [07/Sep/2026:23:14:45 +0545] "GET /static/favicon.ico HTTP/1.1" 301 795 "-" "Go-http-client/1.1"
120.233.33.208 - - [07/Sep/2026:23:14:45 +0545] "GET /img/favicon.ico HTTP/1.1" 301 795 "-" "Go-http-client/1.1"
192.42.116.114 - - [07/Sep/2026:23:51:38 +0545] "GET /wp-json/wp/v2/users/2 HTTP/1.1" 301 795 "-" "Mozilla/5.0 (Windows NT 10.0; Win64; x64; rv:116.0) Gecko/20100101 Firefox/116.0"
185.181.61.203 - - [07/Sep/2026:23:52:42 +0545] "GET /?author=8 HTTP/1.1" 301 795 "-" "Mozilla/5.0 (Windows NT 10.0; Win64; x64; rv:116.0) Gecko/20100101 Firefox/116.0"
185.181.61.203 - - [07/Sep/2026:23:52:43 +0545] "GET /?author=9 HTTP/1.1" 301 795 "-" "Mozilla/5.0 (Windows NT 10.0; Win64; x64; rv:116.0) Gecko/20100101 Firefox/116.0"
185.181.61.203 - - [07/Sep/2026:23:52:48 +0545] "GET /?author=11 HTTP/1.1" 301 795 "-" "Mozilla/5.0 (Windows NT 10.0; Win64; x64; rv:116.0) Gecko/20100101 Firefox/116.0"
109.70.100.4 - - [07/Sep/2026:23:52:54 +0545] "GET /?author=14 HTTP/1.1" 301 795 "-" "Mozilla/5.0 (Windows NT 10.0; Win64; x64; rv:116.0) Gecko/20100101 Firefox/116.0"
45.9.168.117 - - [07/Sep/2026:23:54:39 +0545] "GET /wp-json/wp/v2/users/5 HTTP/1.1" 301 795 "-" "Mozilla/5.0 (Windows NT 10.0; Win64; x64) AppleWebKit/537.36 (KHTML, like Gecko) Chrome/110.0.0.0 Safari/537.36"
45.9.168.117 - - [07/Sep/2026:23:54:54 +0545] "GET /wp-json/wp/v2/users/13 HTTP/1.1" 301 795 "-" "Mozilla/5.0 (Windows NT 10.0; Win64; x64) AppleWebKit/537.36 (KHTML, like Gecko) Chrome/110.0.0.0 Safari/537.36"
45.9.168.117 - - [07/Sep/2026:23:55:14 +0545] "GET /?author=3 HTTP/1.1" 301 795 "-" "Mozilla/5.0 (Windows NT 10.0; Win64; x64) AppleWebKit/537.36 (KHTML, like Gecko) Chrome/110.0.0.0 Safari/537.36"
45.9.168.117 - - [07/Sep/2026:23:55:32 +0545] "GET /?author=15 HTTP/1.1" 301 795 "-" "Mozilla/5.0 (Windows NT 10.0; Win64; x64) AppleWebKit/537.36 (KHTML, like Gecko) Chrome/110.0.0.0 Safari/537.36"
192.42.116.52 - - [07/Sep/2026:23:51:49 +0545] "GET /wp-json/wp/v2/users/4 HTTP/1.1" 301 795 "-" "Mozilla/5.0 (Windows NT 10.0; Win64; x64; rv:116.0) Gecko/20100101 Firefox/116.0"
185.220.100.242 - - [07/Sep/2026:23:51:59 +0545] "GET /wp-json/wp/v2/users/7 HTTP/1.1" 301 795 "-" "Mozilla/5.0 (Windows NT 10.0; Win64; x64; rv:116.0) Gecko/20100101 Firefox/116.0"
185.220.101.62 - - [07/Sep/2026:23:52:03 +0545] "GET /wp-json/wp/v2/users/9 HTTP/1.1" 301 795 "-" "Mozilla/5.0 (Windows NT 10.0; Win64; x64; rv:116.0) Gecko/20100101 Firefox/116.0"
185.220.101.62 - - [07/Sep/2026:23:52:12 +0545] "GET /wp-json/wp/v2/users/11 HTTP/1.1" 301 795 "-" "Mozilla/5.0 (Windows NT 10.0; Win64; x64; rv:116.0) Gecko/20100101 Firefox/116.0"
192.42.116.103 - - [07/Sep/2026:23:52:29 +0545] "GET /?author=2 HTTP/1.1" 301 795 "-" "Mozilla/5.0 (Windows NT 10.0; Win64; x64; rv:116.0) Gecko/20100101 Firefox/116.0"
45.9.168.117 - - [07/Sep/2026:23:54:03 +0545] "GET /panel HTTP/1.1" 301 795 "-" "Mozilla/5.0 (Windows NT 10.0; Win64; x64) AppleWebKit/537.36 (KHTML, like Gecko) Chrome/110.0.0.0 Safari/537.36"
45.9.168.117 - - [07/Sep/2026:23:54:11 +0545] "GET /dashboard HTTP/1.1" 301 795 "-" "Mozilla/5.0 (Windows NT 10.0; Win64; x64) AppleWebKit/537.36 (KHTML, like Gecko) Chrome/110.0.0.0 Safari/537.36"
45.9.168.117 - - [07/Sep/2026:23:54:23 +0545] "GET /?rest_route=/wp/v2/users&per_page=100 HTTP/1.1" 301 795 "-" "Mozilla/5.0 (Windows NT 10.0; Win64; x64) AppleWebKit/537.36 (KHTML, like Gecko) Chrome/110.0.0.0 Safari/537.36"
45.9.168.117 - - [07/Sep/2026:23:54:51 +0545] "GET /wp-json/wp/v2/users/12 HTTP/1.1" 301 795 "-" "Mozilla/5.0 (Windows NT 10.0; Win64; x64) AppleWebKit/537.36 (KHTML, like Gecko) Chrome/110.0.0.0 Safari/537.36"
45.9.168.117 - - [07/Sep/2026:23:55:15 +0545] "GET /?author=5 HTTP/1.1" 301 795 "-" "Mozilla/5.0 (Windows NT 10.0; Win64; x64) AppleWebKit/537.36 (KHTML, like Gecko) Chrome/110.0.0.0 Safari/537.36"
120.241.135.198 - - [07/Sep/2026:23:12:31 +0545] "GET /static/favicon.ico HTTP/1.1" 301 795 "-" "Go-http-client/1.1"
120.241.135.198 - - [07/Sep/2026:23:12:31 +0545] "GET /favicon.png HTTP/1.1" 301 795 "-" "Go-http-client/1.1"
120.233.240.39 - - [07/Sep/2026:23:14:45 +0545] "GET /favicon.png HTTP/1.1" 301 795 "-" "Go-http-client/1.1"
120.233.240.39 - - [07/Sep/2026:23:14:45 +0545] "GET /favicon.ico HTTP/1.1" 301 795 "-" "Go-http-client/1.1"
120.233.240.39 - - [07/Sep/2026:23:14:45 +0545] "GET /images/favicon.ico HTTP/1.1" 301 795 "-" "Go-http-client/1.1"
185.220.100.242 - - [07/Sep/2026:23:52:00 +0545] "GET /wp-json/wp/v2/users/8 HTTP/1.1" 301 795 "-" "Mozilla/5.0 (Windows NT 10.0; Win64; x64; rv:116.0) Gecko/20100101 Firefox/116.0"
192.42.116.103 - - [07/Sep/2026:23:52:28 +0545] "GET /?author=1 HTTP/1.1" 301 795 "-" "Mozilla/5.0 (Windows NT 10.0; Win64; x64; rv:116.0) Gecko/20100101 Firefox/116.0"
185.181.61.203 - - [07/Sep/2026:23:52:41 +0545] "GET /?author=7 HTTP/1.1" 301 795 "-" "Mozilla/5.0 (Windows NT 10.0; Win64; x64; rv:116.0) Gecko/20100101 Firefox/116.0"
45.84.107.182 - - [07/Sep/2026:23:52:56 +0545] "GET /?author=15 HTTP/1.1" 301 795 "-" "Mozilla/5.0 (Windows NT 10.0; Win64; x64; rv:116.0) Gecko/20100101 Firefox/116.0"
45.9.168.117 - - [07/Sep/2026:23:54:16 +0545] "POST /xmlrpc.php HTTP/1.1" 301 795 "-" "Mozilla/5.0 (Windows NT 10.0; Win64; x64) AppleWebKit/537.36 (KHTML, like Gecko) Chrome/110.0.0.0 Safari/537.36"
45.9.168.117 - - [07/Sep/2026:23:54:35 +0545] "GET /wp-json/wp/v2/users/1 HTTP/1.1" 301 795 "-" "Mozilla/5.0 (Windows NT 10.0; Win64; x64) AppleWebKit/537.36 (KHTML, like Gecko) Chrome/110.0.0.0 Safari/537.36"
45.9.168.117 - - [07/Sep/2026:23:54:44 +0545] "GET /wp-json/wp/v2/users/8 HTTP/1.1" 301 795 "-" "Mozilla/5.0 (Windows NT 10.0; Win64; x64) AppleWebKit/537.36 (KHTML, like Gecko) Chrome/110.0.0.0 Safari/537.36"
45.9.168.117 - - [07/Sep/2026:23:54:45 +0545] "GET /wp-json/wp/v2/users/10 HTTP/1.1" 301 795 "-" "Mozilla/5.0 (Windows NT 10.0; Win64; x64) AppleWebKit/537.36 (KHTML, like Gecko) Chrome/110.0.0.0 Safari/537.36"
45.9.168.117 - - [07/Sep/2026:23:55:24 +0545] "GET /?author=9 HTTP/1.1" 301 795 "-" "Mozilla/5.0 (Windows NT 10.0; Win64; x64) AppleWebKit/537.36 (KHTML, like Gecko) Chrome/110.0.0.0 Safari/537.36"
120.241.135.198 - - [07/Sep/2026:23:12:31 +0545] "GET /icon/favicon.ico HTTP/1.1" 301 795 "-" "Go-http-client/1.1"
185.220.101.62 - - [07/Sep/2026:23:52:13 +0545] "GET /wp-json/wp/v2/users/12 HTTP/1.1" 301 795 "-" "Mozilla/5.0 (Windows NT 10.0; Win64; x64; rv:116.0) Gecko/20100101 Firefox/116.0"
192.42.116.16 - - [07/Sep/2026:23:52:22 +0545] "GET /wp-json/wp/v2/users/15 HTTP/1.1" 301 795 "-" "Mozilla/5.0 (Windows NT 10.0; Win64; x64; rv:116.0) Gecko/20100101 Firefox/116.0"
109.70.100.4 - - [07/Sep/2026:23:52:51 +0545] "GET /?author=12 HTTP/1.1" 301 795 "-" "Mozilla/5.0 (Windows NT 10.0; Win64; x64; rv:116.0) Gecko/20100101 Firefox/116.0"
45.84.107.182 - - [07/Sep/2026:23:53:04 +0545] "GET /wp-json/wp/v2/posts?per_page=20&orderby=date&_embed=1 HTTP/1.1" 301 795 "-" "Mozilla/5.0 (Windows NT 10.0; Win64; x64; rv:116.0) Gecko/20100101 Firefox/116.0"
45.9.168.117 - - [07/Sep/2026:23:53:20 +0545] "GET / HTTP/1.1" 301 795 "-" "Mozilla/5.0 (Windows NT 10.0; Win64; x64) AppleWebKit/537.36 (KHTML, like Gecko) Chrome/110.0.0.0 Safari/537.36"
45.9.168.117 - - [07/Sep/2026:23:54:07 +0545] "GET /signin HTTP/1.1" 301 795 "-" "Mozilla/5.0 (Windows NT 10.0; Win64; x64) AppleWebKit/537.36 (KHTML, like Gecko) Chrome/110.0.0.0 Safari/537.36"
45.9.168.117 - - [07/Sep/2026:23:54:27 +0545] "GET /?rest_route=%2Fwp%2Fv2%2Fusers&per_page=100 HTTP/1.1" 301 795 "-" "Mozilla/5.0 (Windows NT 10.0; Win64; x64) AppleWebKit/537.36 (KHTML, like Gecko) Chrome/110.0.0.0 Safari/537.36"
45.9.168.117 - - [07/Sep/2026:23:54:40 +0545] "GET /wp-json/wp/v2/users/6 HTTP/1.1" 301 795 "-" "Mozilla/5.0 (Windows NT 10.0; Win64; x64) AppleWebKit/537.36 (KHTML, like Gecko) Chrome/110.0.0.0 Safari/537.36"
45.9.168.117 - - [07/Sep/2026:23:54:59 +0545] "GET /wp-json/wp/v2/users/15 HTTP/1.1" 301 795 "-" "Mozilla/5.0 (Windows NT 10.0; Win64; x64) AppleWebKit/537.36 (KHTML, like Gecko) Chrome/110.0.0.0 Safari/537.36"
45.9.168.117 - - [07/Sep/2026:23:55:07 +0545] "GET /?author=1 HTTP/1.1" 301 795 "-" "Mozilla/5.0 (Windows NT 10.0; Win64; x64) AppleWebKit/537.36 (KHTML, like Gecko) Chrome/110.0.0.0 Safari/537.36"
45.9.168.117 - - [07/Sep/2026:23:55:09 +0545] "GET /?author=2 HTTP/1.1" 301 795 "-" "Mozilla/5.0 (Windows NT 10.0; Win64; x64) AppleWebKit/537.36 (KHTML, like Gecko) Chrome/110.0.0.0 Safari/537.36"
45.9.168.117 - - [07/Sep/2026:23:55:27 +0545] "GET /?author=11 HTTP/1.1" 301 795 "-" "Mozilla/5.0 (Windows NT 10.0; Win64; x64) AppleWebKit/537.36 (KHTML, like Gecko) Chrome/110.0.0.0 Safari/537.36"
45.9.168.117 - - [07/Sep/2026:23:55:27 +0545] "GET /?author=12 HTTP/1.1" 301 795 "-" "Mozilla/5.0 (Windows NT 10.0; Win64; x64) AppleWebKit/537.36 (KHTML, like Gecko) Chrome/110.0.0.0 Safari/537.36"
183.60.225.221 - - [07/Sep/2026:23:14:45 +0545] "GET /assets/favicon.ico HTTP/1.1" 301 795 "-" "Go-http-client/1.1"
42.194.240.167 - - [07/Sep/2026:23:14:45 +0545] "GET /icon/favicon.ico HTTP/1.1" 301 795 "-" "Go-http-client/1.1"
185.220.101.62 - - [07/Sep/2026:23:52:07 +0545] "GET /wp-json/wp/v2/users/10 HTTP/1.1" 301 795 "-" "Mozilla/5.0 (Windows NT 10.0; Win64; x64; rv:116.0) Gecko/20100101 Firefox/116.0"
192.42.116.16 - - [07/Sep/2026:23:52:13 +0545] "GET /wp-json/wp/v2/users/13 HTTP/1.1" 301 795 "-" "Mozilla/5.0 (Windows NT 10.0; Win64; x64; rv:116.0) Gecko/20100101 Firefox/116.0"
192.42.116.103 - - [07/Sep/2026:23:52:40 +0545] "GET /?author=6 HTTP/1.1" 301 795 "-" "Mozilla/5.0 (Windows NT 10.0; Win64; x64; rv:116.0) Gecko/20100101 Firefox/116.0"
45.9.168.117 - - [07/Sep/2026:23:53:37 +0545] "GET /login HTTP/1.1" 301 795 "-" "Mozilla/5.0 (Windows NT 10.0; Win64; x64) AppleWebKit/537.36 (KHTML, like Gecko) Chrome/110.0.0.0 Safari/537.36"
45.9.168.117 - - [07/Sep/2026:23:54:09 +0545] "GET /wp-yonetim HTTP/1.1" 301 795 "-" "Mozilla/5.0 (Windows NT 10.0; Win64; x64) AppleWebKit/537.36 (KHTML, like Gecko) Chrome/110.0.0.0 Safari/537.36"
45.9.168.117 - - [07/Sep/2026:23:54:18 +0545] "GET /wp-json/wp/v2/users?per_page=100 HTTP/1.1" 301 795 "-" "Mozilla/5.0 (Windows NT 10.0; Win64; x64) AppleWebKit/537.36 (KHTML, like Gecko) Chrome/110.0.0.0 Safari/537.36"
45.9.168.117 - - [07/Sep/2026:23:54:50 +0545] "GET /wp-json/wp/v2/users/11 HTTP/1.1" 301 795 "-" "Mozilla/5.0 (Windows NT 10.0; Win64; x64) AppleWebKit/537.36 (KHTML, like Gecko) Chrome/110.0.0.0 Safari/537.36"
45.9.168.117 - - [07/Sep/2026:23:55:16 +0545] "GET /?author=7 HTTP/1.1" 301 795 "-" "Mozilla/5.0 (Windows NT 10.0; Win64; x64) AppleWebKit/537.36 (KHTML, like Gecko) Chrome/110.0.0.0 Safari/537.36"
45.9.168.117 - - [07/Sep/2026:23:55:28 +0545] "GET /?author=14 HTTP/1.1" 301 795 "-" "Mozilla/5.0 (Windows NT 10.0; Win64; x64) AppleWebKit/537.36 (KHTML, like Gecko) Chrome/110.0.0.0 Safari/537.36"
120.241.135.198 - - [07/Sep/2026:23:12:31 +0545] "GET /images/favicon.ico HTTP/1.1" 301 795 "-" "Go-http-client/1.1"
120.241.135.198 - - [07/Sep/2026:23:12:31 +0545] "GET /favicon.ico HTTP/1.1" 301 795 "-" "Go-http-client/1.1"
185.220.101.104 - - [07/Sep/2026:23:51:16 +0545] "GET / HTTP/1.1" 301 795 "-" "Mozilla/5.0 (Windows NT 10.0; Win64; x64; rv:116.0) Gecko/20100101 Firefox/116.0"
185.220.101.104 - - [07/Sep/2026:23:51:20 +0545] "GET /wp-login.php HTTP/1.1" 301 795 "-" "Mozilla/5.0 (Windows NT 10.0; Win64; x64; rv:116.0) Gecko/20100101 Firefox/116.0"
185.220.101.104 - - [07/Sep/2026:23:51:22 +0545] "POST /xmlrpc.php HTTP/1.1" 301 795 "-" "Mozilla/5.0 (Windows NT 10.0; Win64; x64; rv:116.0) Gecko/20100101 Firefox/116.0"
185.220.101.104 - - [07/Sep/2026:23:51:24 +0545] "GET /wp-json/wp/v2/users?per_page=100 HTTP/1.1" 301 795 "-" "Mozilla/5.0 (Windows NT 10.0; Win64; x64; rv:116.0) Gecko/20100101 Firefox/116.0"
185.220.101.104 - - [07/Sep/2026:23:51:26 +0545] "GET /?rest_route=/wp/v2/users&per_page=100 HTTP/1.1" 301 795 "-" "Mozilla/5.0 (Windows NT 10.0; Win64; x64; rv:116.0) Gecko/20100101 Firefox/116.0"
185.220.101.104 - - [07/Sep/2026:23:51:28 +0545] "GET /?rest_route=%2Fwp%2Fv2%2Fusers&per_page=100 HTTP/1.1" 301 795 "-" "Mozilla/5.0 (Windows NT 10.0; Win64; x64; rv:116.0) Gecko/20100101 Firefox/116.0"
185.220.101.104 - - [07/Sep/2026:23:51:29 +0545] "GET /wp-json%2Fwp%2Fv2%2Fusers?per_page=100 HTTP/1.1" 301 795 "-" "Mozilla/5.0 (Windows NT 10.0; Win64; x64; rv:116.0) Gecko/20100101 Firefox/116.0"
192.42.116.52 - - [07/Sep/2026:23:51:45 +0545] "GET /wp-json/wp/v2/users/3 HTTP/1.1" 301 795 "-" "Mozilla/5.0 (Windows NT 10.0; Win64; x64; rv:116.0) Gecko/20100101 Firefox/116.0"
192.42.116.16 - - [07/Sep/2026:23:52:20 +0545] "GET /wp-json/wp/v2/users/14 HTTP/1.1" 301 795 "-" "Mozilla/5.0 (Windows NT 10.0; Win64; x64; rv:116.0) Gecko/20100101 Firefox/116.0"
192.42.116.103 - - [07/Sep/2026:23:52:29 +0545] "GET /?author=3 HTTP/1.1" 301 795 "-" "Mozilla/5.0 (Windows NT 10.0; Win64; x64; rv:116.0) Gecko/20100101 Firefox/116.0"
192.42.116.103 - - [07/Sep/2026:23:52:30 +0545] "GET /?author=4 HTTP/1.1" 301 795 "-" "Mozilla/5.0 (Windows NT 10.0; Win64; x64; rv:116.0) Gecko/20100101 Firefox/116.0"
192.42.116.103 - - [07/Sep/2026:23:52:32 +0545] "GET /?author=5 HTTP/1.1" 301 795 "-" "Mozilla/5.0 (Windows NT 10.0; Win64; x64; rv:116.0) Gecko/20100101 Firefox/116.0"
185.181.61.203 - - [07/Sep/2026:23:52:47 +0545] "GET /?author=10 HTTP/1.1" 301 795 "-" "Mozilla/5.0 (Windows NT 10.0; Win64; x64; rv:116.0) Gecko/20100101 Firefox/116.0"
109.70.100.4 - - [07/Sep/2026:23:52:51 +0545] "GET /?author=13 HTTP/1.1" 301 795 "-" "Mozilla/5.0 (Windows NT 10.0; Win64; x64; rv:116.0) Gecko/20100101 Firefox/116.0"
45.9.168.117 - - [07/Sep/2026:23:53:32 +0545] "GET /giris HTTP/1.1" 301 795 "-" "Mozilla/5.0 (Windows NT 10.0; Win64; x64) AppleWebKit/537.36 (KHTML, like Gecko) Chrome/110.0.0.0 Safari/537.36"
45.9.168.117 - - [07/Sep/2026:23:54:42 +0545] "GET /wp-json/wp/v2/users/7 HTTP/1.1" 301 795 "-" "Mozilla/5.0 (Windows NT 10.0; Win64; x64) AppleWebKit/537.36 (KHTML, like Gecko) Chrome/110.0.0.0 Safari/537.36"
45.9.168.117 - - [07/Sep/2026:23:54:45 +0545] "GET /wp-json/wp/v2/users/9 HTTP/1.1" 301 795 "-" "Mozilla/5.0 (Windows NT 10.0; Win64; x64) AppleWebKit/537.36 (KHTML, like Gecko) Chrome/110.0.0.0 Safari/537.36"
45.9.168.117 - - [07/Sep/2026:23:54:57 +0545] "GET /wp-json/wp/v2/users/14 HTTP/1.1" 301 795 "-" "Mozilla/5.0 (Windows NT 10.0; Win64; x64) AppleWebKit/537.36 (KHTML, like Gecko) Chrome/110.0.0.0 Safari/537.36"
120.241.135.198 - - [07/Sep/2026:23:12:20 +0545] "GET / HTTP/1.1" 301 795 "-" "Mozilla/5.0 (Macintosh; Intel Mac OS X 13_5) AppleWebKit/605.1.15 (KHTML, like Gecko) Version/16.5 Safari/605.1.15"
120.241.135.198 - - [07/Sep/2026:23:12:31 +0545] "GET /assets/favicon.ico HTTP/1.1" 301 795 "-" "Go-http-client/1.1"
185.220.100.242 - - [07/Sep/2026:23:51:55 +0545] "GET /wp-json/wp/v2/users/6 HTTP/1.1" 301 795 "-" "Mozilla/5.0 (Windows NT 10.0; Win64; x64; rv:116.0) Gecko/20100101 Firefox/116.0"
45.9.168.117 - - [07/Sep/2026:23:54:31 +0545] "GET /wp-json%2Fwp%2Fv2%2Fusers?per_page=100 HTTP/1.1" 301 795 "-" "Mozilla/5.0 (Windows NT 10.0; Win64; x64) AppleWebKit/537.36 (KHTML, like Gecko) Chrome/110.0.0.0 Safari/537.36"
45.9.168.117 - - [07/Sep/2026:23:54:37 +0545] "GET /wp-json/wp/v2/users/4 HTTP/1.1" 301 795 "-" "Mozilla/5.0 (Windows NT 10.0; Win64; x64) AppleWebKit/537.36 (KHTML, like Gecko) Chrome/110.0.0.0 Safari/537.36"
45.9.168.117 - - [07/Sep/2026:23:55:15 +0545] "GET /?author=4 HTTP/1.1" 301 795 "-" "Mozilla/5.0 (Windows NT 10.0; Win64; x64) AppleWebKit/537.36 (KHTML, like Gecko) Chrome/110.0.0.0 Safari/537.36"
45.9.168.117 - - [07/Sep/2026:23:55:15 +0545] "GET /?author=6 HTTP/1.1" 301 795 "-" "Mozilla/5.0 (Windows NT 10.0; Win64; x64) AppleWebKit/537.36 (KHTML, like Gecko) Chrome/110.0.0.0 Safari/537.36"
45.9.168.117 - - [07/Sep/2026:23:55:44 +0545] "GET /wp-json/wp/v2/posts?per_page=20&orderby=date&_embed=1 HTTP/1.1" 301 795 "-" "Mozilla/5.0 (Windows NT 10.0; Win64; x64) AppleWebKit/537.36 (KHTML, like Gecko) Chrome/110.0.0.0 Safari/537.36"